{"id":16,"date":"2022-09-08T14:02:55","date_gmt":"2022-09-08T14:02:55","guid":{"rendered":"http:\/\/localhost\/claritycentar\/?page_id=16"},"modified":"2024-07-27T11:23:05","modified_gmt":"2024-07-27T11:23:05","slug":"o-nama","status":"publish","type":"page","link":"https:\/\/claritycentar.com\/index.php\/o-nama\/","title":{"rendered":"O osniva\u010du"},"content":{"rendered":"<p>Zdravo,<\/p>\n<p>Ja sam Nikolina Bo\u0161njak i vjerujem da je coaching najbr\u017ei na\u010din za postizanje ciljeva kroz promjenu perspektive i novih rje\u0161enja koja se pojave kroz proces.<\/p>\n<p>Kako je Coaching odigrao zna\u010dajan utjecaj u mom \u017eivotu, strastvena sam u afirmaciji coaching-a i namjeri pomaganja ljudima i timovima da ostvare svoje ciljeve, bilo da se radi o uvo\u0111enju promjena ili pobolj\u0161anju kvalitete u razli\u010ditim poslovnim ili li\u010dnim aspektima.<\/p>\n<p>U svojoj Coaching praksi oslanjam se na vi\u0161e od 20 godina menad\u017eerskog iskustva i vo\u0111enja timova u razli\u010ditim okru\u017eenjima, kompanijama i korporacijama. Ono \u0161to donosim u svoju coaching praksu je duboko razumijevanje procesa promjena i utjecaja koje tranzicije imaju na organizacije, timove i pojedince.<\/p>\n<p>Kroz partnerski odnos radim sa klijentima kako bi postigli ciljeve koji su im va\u017eni, napravili promjene, ostvarili ravnote\u017eu izme\u0111u profesionalnog i privatnog, na na\u010din i onako kako to oni sami defini\u0161u.<\/p>\n<p>Osniva\u010d sam CLARITY Centra, Business Coach, Mindfulenss instruktor i trener Emocionalne inteligencije.<\/p>\n<p>Coaching nije slu\u010dajnost u mom \u017eivotu. Tu i tamo se pojavljivao kao \u017eelja niz godina, a desio se kada sam bila spremna za to i kada su to ste\u010dena znanja i iskustvo mogli podr\u017eati.<\/p>\n<p>Karijeru prodajnog, kriznog i leadership menad\u017ementa zamijenila sam karijerom coacha, jer vjerujem da je to moj na\u010din da \u010dinim ono \u0161to ljudima donosi dobro i pozitivne trajne promjene.<\/p>\n<p>Osim uloge coacha imam jo\u0161 puno uloga, vjerujem kao i vi, a o njima mo\u017eemo kroz prvi razgovor i provjeru jesmo li dobar match za saradnju.<\/p>\n<p>Uloga, meni jako va\u017ena, mama sam mladom \u010dovjeku od kog\u00a0 u\u010dim puno.<\/p>\n","protected":false},"excerpt":{"rendered":"<p>Zdravo, Ja sam Nikolina Bo\u0161njak i vjerujem da je coaching najbr\u017ei na\u010din za postizanje ciljeva kroz promjenu perspektive i novih rje\u0161enja koja se pojave kroz proces. Kako je Coaching odigrao zna\u010dajan utjecaj u mom \u017eivotu, strastvena sam u afirmaciji coaching-a i namjeri pomaganja ljudima i timovima da ostvare svoje ciljeve, bilo da se radi o [&hellip;]<\/p>\n","protected":false},"author":1,"featured_media":110,"parent":0,"menu_order":0,"comment_status":"closed","ping_status":"closed","template":"","meta":{"footnotes":""},"class_list":["post-16","page","type-page","status-publish","has-post-thumbnail","hentry"],"_links":{"self":[{"href":"https:\/\/claritycentar.com\/index.php\/wp-json\/wp\/v2\/pages\/16"}],"collection":[{"href":"https:\/\/claritycentar.com\/index.php\/wp-json\/wp\/v2\/pages"}],"about":[{"href":"https:\/\/claritycentar.com\/index.php\/wp-json\/wp\/v2\/types\/page"}],"author":[{"embeddable":true,"href":"https:\/\/claritycentar.com\/index.php\/wp-json\/wp\/v2\/users\/1"}],"replies":[{"embeddable":true,"href":"https:\/\/claritycentar.com\/index.php\/wp-json\/wp\/v2\/comments?post=16"}],"version-history":[{"count":10,"href":"https:\/\/claritycentar.com\/index.php\/wp-json\/wp\/v2\/pages\/16\/revisions"}],"predecessor-version":[{"id":224,"href":"https:\/\/claritycentar.com\/index.php\/wp-json\/wp\/v2\/pages\/16\/revisions\/224"}],"wp:featuredmedia":[{"embeddable":true,"href":"https:\/\/claritycentar.com\/index.php\/wp-json\/wp\/v2\/media\/110"}],"wp:attachment":[{"href":"https:\/\/claritycentar.com\/index.php\/wp-json\/wp\/v2\/media?parent=16"}],"curies":[{"name":"wp","href":"https:\/\/api.w.org\/{rel}","templated":true}]}}